 4*j - 1124 = 0, 6*j - 8*j = -5*f + 2750. What is the highest common factor of 345 and f?
69
Suppose -g + 0*l - 40 = -3*l, -4 = 4*l. Let d = g + 43. Suppose -4*u = -d*u - 72. What is the highest common divisor of u and 9?
9
Suppose -8*b = -4*b - 5148. Suppose 511 = 5*t + 2*j - b, -5*t + 2*j + 1802 = 0. Let h be (-30)/(-8)*(5 - -7). What is the highest common divisor of h and t?
45
Let r = -4719 + 4791. Calculate the highest common divisor of 76 and r.
4
Suppose 4*k - 4 = 0, 7*u = 2*u + k - 16. Let j(i) = -23*i - 43. Let s be j(u). What is the highest common factor of 26 and s?
26
Let u(r) = -14*r - 7. Suppose 45 - 33 = -12*t. Let c be u(t). What is the highest common divisor of c and 3?
1
Let a = 1642 + 1658. What is the highest common divisor of a and 132?
132
Let g(l) = 9*l**2 + 292*l - 70. Let q be g(-33). What is the greatest common factor of q and 355?
5
Let n(q) = q**2 + 2*q + 6. Let z be n(-6). Suppose -5*v + 703 = 678. Suppose 5*w = 4 + 6, -v*w + z = 2*c. What is the highest common factor of 40 and c?
10
Let y = -3056 + 9251. Calculate the highest common divisor of 525 and y.
105
Suppose 22 = 13*r - 4. Let y(w) = 4*w**3 - 2*w**2 + 8*w - 7. Let v be y(r). Calculate the greatest common factor of 363 and v.
33
Suppose -7*j = -4*j + l - 17, -5*j + 4*l = 0. Suppose j*i + 6 = n - 0, 4*n - 3*i = 11. What is the highest common divisor of 1 and n?
1
Let m(u) = -u**3 - 17*u**2 - 27*u - 2. Let j be m(-16). What is the greatest common factor of j and 406?
58
Let p be (896/(-42) - -22)*11217. What is the highest common divisor of p and 2?
2
Let u = 23 + -19. Let s = -392 - -492. What is the highest common factor of u and s?
4
Let q(l) = 14*l**2 + 47*l - 45. Let v be q(-7). What is the greatest common divisor of v and 39?
39
Suppose k + 90 = 10*k. Let t be ((-15)/k)/((-3)/180*2). Let b = -96 - -126. Calculate the greatest common factor of b and t.
15
Let r = -171 + 275. Suppose 3*j = -4*g + r, -j + 3*g + 13 = -0. What is the greatest common factor of 28 and j?
28
Let l(g) be the third derivative of -g**4/12 - 3*g**3/2 - 37*g**2. Let y be l(-6). Suppose 0 = 5*s - y*s - 16. Calculate the greatest common divisor of s and 8.
8
Suppose 5584 = 4*d - 13*d + 16015. Calculate the greatest common divisor of d and 95.
19
Let d = -5073 - -5123. What is the highest common factor of d and 9050?
50
Let j be 10/55 + (342480/33)/10. Calculate the greatest common divisor of j and 12.
6
Let p(q) = -29*q + 306. Let l be p(10). Let o = 5 - 1. Suppose -3*f + 463 = o*s + 2*f, 0 = -4*s - 2*f + 454. What is the highest common factor of s and l?
16
Suppose 92*i = 102*i - 50. Let l be ((-1484)/35)/((-1)/i). What is the highest common divisor of 4 and l?
4
Suppose o + 0*o + 3*t = -369, 5*t + 1469 = -4*o. Let c = 821 + o. Calculate the greatest common divisor of c and 35.
35
Suppose 91*v - 1394 + 393 = 0. Suppose 2*w = 3*w - 143. Calculate the greatest common factor of w and v.
11
Suppose k = 3*q + 5 + 7, -q - 4 = -5*k. Suppose -c = -k*c - 115. Suppose 7*t - c - 11 = 0. Calculate the greatest common divisor of t and 18.
18
Suppose 4*b - 344 = 2*i, -2*b = 2*i - 4*b + 340. Let x = 438 + i. What is the greatest common factor of x and 30?
30
Suppose -340*y = -324*y - 1824. Calculate the highest common divisor of 152 and y.
38
Let j = -74 + 116. Suppose 2*l = -3*x + 34, -4*x - 5*l = -3*l - j. Let y(v) = v**2 + 2*v + 19. Let r be y(x). What is the highest common divisor of r and 11?
11
Suppose 0 = -27*w - 5*d + 2170, 0 = -w - 26*d + 22*d + 88. Calculate the highest common divisor of w and 2920.
40
Let b(n) = 7*n**2 - 292*n - 1502. Let d be b(-5). Suppose -k - k = -190. Calculate the highest common factor of k and d.
19
Let z be (-13)/(-13)*(-16954)/(-7). Calculate the greatest common factor of 173 and z.
173
Let y = 159 + -96. Suppose -2*j + 69 = -j. Let z = j + -48. What is the greatest common divisor of z and y?
21
Let l be ((-10)/2)/((-9)/((-72)/(-10))). Let f be 2*20 - (-2 + l + -2). Calculate the greatest common divisor of 10 and f.
10
Let y(t) = -t**2 + 27*t - 21. Let j be (-17)/3 + (-8)/24. Let f be -5*39*j/45. Let d be y(f). What is the highest common divisor of 40 and d?
5
Let v be ((-3936)/20)/(2/(-5)). What is the highest common factor of 12 and v?
12
Suppose -5*j + 2 + 8 = 0. Let s = 881 - 901. Let f be 1/(s/(-345)) - 6/(-8). Calculate the highest common divisor of j and f.
2
Suppose 3*l - 6771 = 4*b, 50*l - 2*b = 48*l + 4516. What is the highest common factor of 51 and l?
17
Suppose -5162*g = -5122*g - 16800. What is the greatest common factor of 3255 and g?
105
Suppose 182*y = y - 1269 + 15206. Calculate the greatest common divisor of 91 and y.
7
Let z(q) = q + 12. Suppose -10*k + 7*k - 30 = 0. Let t be z(k). Suppose 0 = -t*o + 11 + 61. What is the highest common factor of 12 and o?
12
Let y(w) = -w**2 - 8*w + 20. Let i be y(-10). Suppose -2*n - 209 + 619 = i. What is the highest common divisor of 5 and n?
5
Let j = 21 + 5. Let l = -30 + 34. Suppose -156 = -8*p + l*p. Calculate the greatest common factor of j and p.
13
Let l(w) = -45*w + 33. Suppose -41*z - 120 = -29*z. Let u be l(z). Calculate the greatest common factor of u and 69.
69
Let q(i) = i**2 - 11*i - 86. Let s be q(-15). Calculate the highest common divisor of s and 988.
76
Let z(n) = -8*n**2 + 66*n - 16. Let c be z(6). What is the greatest common factor of c and 621?
23
Suppose 78*c = -10*c + 7744. Calculate the highest common divisor of c and 696.
8
Suppose -5*l + 585 = 5*a, -26*a + 5*l - 141 = -27*a. What is the highest common factor of a and 9065?
37
Let m(n) = 4*n**3 - 28*n**2 - 2*n. Let x be m(10). What is the highest common divisor of x and 130?
10
Let i(w) = 10*w**2 - 3*w + 11. Let m be i(-5). Suppose 28*j = 26*j + 24. What is the greatest common factor of j and m?
12
Let z = 4 - -4. Suppose 0 = 18*p + 7*p - 9950. Let m = p - 374. Calculate the highest common factor of z and m.
8
Suppose 1184 = -0*y + 4*y. Let s = -30635 + 30709. Calculate the highest common divisor of y and s.
74
Suppose -p - 3*r = -772, -24 = -10*r + 6*r. Suppose -2*m + 38 - 12 = 0. Calculate the greatest common divisor of m and p.
13
Let r(w) = 253*w**2 - 12*w - 54. Let o be r(-2). What is the greatest common factor of 12 and o?
2
Let k(r) = 59*r + 152. Let a be k(8). Suppose 29*g = 25*g + a. What is the highest common factor of g and 39?
39
Let q = 2 - 2. Suppose -9*o + 10*o - 38 = q. Calculate the greatest common factor of 38 and o.
38
Suppose 3*t = -m - 0*t + 20, -2*t + 32 = 2*m. Let z(j) = 26*j - 30. Let q be z(6). Calculate the highest common divisor of q and m.
14
Let q = 7146 - 5274. What is the greatest common divisor of 32 and q?
16
Let a(h) = h**2 - 2*h - 5. Let b(i) = 2*i**2 - 25*i + 19. Let p be b(12). Let z be a(p). Let x = -16 + 46. Calculate the highest common factor of x and z.
30
Suppose 5*a - 2*a - 9 = 0. Suppose 5*p + 3*y = 102, -p + 78 = 4*p - a*y. Let w = 9384 + -9378. What is the highest common factor of w and p?
6
Let t = 6 - 9. Let a be (t - (-4 + 128)) + -1. Let o = 191 + a. Calculate the highest common factor of 21 and o.
21
Let y(q) = -27*q + 301. Suppose 0 = -4*u - 2*h + 52, -u - 5*h + 0 = -31. Let r be y(u). Let k = 43 - 23. What is the greatest common factor of k and r?
4
Let c be (-176)/(-11) + 993 + -10. What is the highest common divisor of c and 111?
111
Let b be (0 - 6/15)/(15/(-225)). Let l be b/(3*(-16)/(-72)). What is the highest common divisor of 36 and l?
9
Let x(s) = -s**3 + 29*s**2 + 41*s + 77. Let h be x(30). What is the greatest common factor of h and 99?
11
Let u(n) = n + 40. Suppose 0 = g - q + 5, g - q + 2*q = -9. Let r be u(g). What is the greatest common divisor of 22 and r?
11
Let y = 22 + -19. Suppose -j - y*k = -8, -k + 2 = 3*j - 6. Suppose j*f - 26 = 182. What is the highest common divisor of 13 and f?
13
Suppose -3*z = -4*d + 3333, 2*z - 805 = -5*d + 3321. What is the greatest common divisor of d and 180?
36
Let q = -10169 - -10858. Calculate the highest common divisor of q and 13.
13
Suppose -35*n - 9*n + 51192 = -8*n. Calculate the greatest common divisor of 6 and n.
6
Let z = 360 + -270. Suppose -4*w - 82*o + 83*o = -178, 3*o = 4*w - 174. What is the greatest common divisor of z and w?
45
Let s(m) = 1. Let j(i) = -5*i + 16. Let p(h) = -j(h) + 5*s(h). Suppose -2*f = -3*f 